0956, h + v - m = 0. Is h a composite number?
False
Suppose 21 - 105 = -21*y. Suppose y*c + 3*l - 4362 = c, -5*l - 2887 = -2*c. Is c prime?
True
Let n(r) = -3*r**3 - 4*r**2 + 3. Let u be n(-1). Suppose -3*g + 8890 = -4*x - 0*x, 5928 = u*g - 4*x. Is g prime?
False
Let j(y) = -y**2 + y + 1. Let n(p) = -7*p**2 - 10*p - 3. Let t(d) = -6*j(d) - n(d). Suppose 0 = 5*q + 2*f - 26, 0 = -2*q + 3*f - 4 + 3. Is t(q) composite?
True
Suppose -4*v - v + 520 = w, 0 = -4*v + 4*w + 440. Let a = v + -110. Is a/5*(-197 + 6) prime?
True
Let v(q) be the first derivative of q**2 - 20*q + 30. Let j be v(12). Is 79/((3 - 2)*j/20) composite?
True
Let i = -13249 - -19128. Is i prime?
True
Let d(s) = 91*s**2 - 332*s - 85. Is d(-32) a composite number?
False
Let k(p) = -p**2 + 8*p + 12. Let t be k(9). Is 2 + t/(-3)*-921 a composite number?
True
Let s be (44/(-6) - -2)/((-2)/3). Suppose 16 - s = 4*r. Suppose -344 = -r*y + 234. Is y prime?
False
Let c(d) = -12591*d - 2074. Is c(-29) composite?
True
Suppose -15*s = -13*s + 1616. Let v = s + 2489. Let x = -10 + v. Is x a composite number?
True
Let r = -30850 - -45190. Let c be (6/2)/(((-117)/r)/(-13)). Suppose 14*q = 10*q + c. Is q composite?
True
Let q(a) = -11*a**2 - 17*a - 6. Let h(r) = 12*r**2 + 18*r + 7. Let f(b) = -5*h(b) - 6*q(b). Let p = -125 + 133. Is f(p) prime?
False
Suppose 4 = w, -8*w + 36 = x - 4*w. Let c(s) = s**3 + 26*s**2 + 10*s - 61. Is c(x) prime?
True
Suppose -18*z + 20963 = 1523. Suppose z = 5*g - 9415. Is g prime?
True
Suppose 0 = -5*c - 514 + 529. Is (-224)/(-8)*((-130)/(-8) - c) prime?
False
Let v be (-6)/(-10) - (-456)/190. Suppose -j = v*x - 7*x - 243, j + 3*x = 208. Is j composite?
False
Is (-2 - -2) + 2/(-4) - 11450943/(-378) a composite number?
False
Is 18/(-9) - (-1 - (-8 - -26380)) a composite number?
False
Let r = -652 - -652. Suppose r = -3*h + 5*s + 7822, h - 6*s = -2*s + 2605. Is h prime?
True
Suppose 0 = -5*n - x + 28, -3*n + 5*n - 22 = -4*x. Suppose -4*r + 4137 = 3*v - 2693, -n*v - 10 = 0. Is r composite?
False
Suppose 4*p + p - 15*s = 1819820, 0 = -p + 5*s + 363978. Is p composite?
True
Let l = 31 - 28. Suppose 0*h - h + 1219 = 2*s, -4*h + 1831 = l*s. Let p = s + 50. Is p a composite number?
False
Suppose 189237 = 92*q - 69233 - 59574. Is q prime?
True
Let m(q) = 44274*q - 217. Is m(4) a composite number?
True
Let n(p) = p**3 + p**2 - 5*p - 38. Let l(h) = 13*h - 19. Let u be l(2). Is n(u) composite?
True
Let o(n) = 2295*n**2 - 44*n + 235. Is o(6) prime?
True
Suppose -17*b = -18*b. Suppose 10*r - 7*r - 8700 = b. Let v = r + -1489. Is v prime?
False
Let u(o) = o**3 - 5*o**2 + 8*o - 4. Let f be u(3). Suppose f*q + 2*q = -4*w - 8, -q = 3*w + 8. Is q/(585/(-293) - -2) composite?
False
Let q(m) = 13*m**3 - 20*m**2 + 22*m + 28. Is q(15) a composite number?
False
Suppose -5*t = -3*z - 2*z - 60, -3*t + 8 = 4*z. Suppose 0 = 4*g - t - 0. Suppose -209 = -g*l + l. Is l a composite number?
True
Suppose -169*m + 1425258 + 363087 = 304187. Is m a composite number?
True
Let y(l) = l**2 - 2*l - 5. Let p be y(4). Let i be (-11)/4 + -2 + 1/(-4). Is 1*-587*(p + 1 + i) prime?
True
Suppose 2*z - 203 = -d, 0 = -12*d + 7*d - 5*z + 1035. Is d prime?
True
Let v(q) = -5*q**3 - 2 - 25*q + 7 + 141*q**2 - 147*q**2. Is v(-13) prime?
True
Let g = 21120 + -10344. Suppose g - 899 = 7*s. Is s a composite number?
True
Let o(i) = -3*i**3 - 3*i**2 + 4*i + 6. Let j be o(-3). Let y(q) = 37 - 10*q - 52 - j*q. Is y(-8) a composite number?
False
Is ((-873073)/2)/(222/(-444)) a composite number?
False
Is (-1948)/(-10)*(-175850)/(-20) a prime number?
False
Let x be (5/((-20)/(-8)))/((-4)/82). Let q(d) = -16*d**2 + 2*d + 1. Let z be q(-2). Let l = x - z. Is l composite?
True
Let j be (428/(-3))/(5/375*2). Let l = j - -8621. Is l a composite number?
False
Suppose 5*s = -5*a + 8*s + 818642, -3*s - 327455 = -2*a. Is a a prime number?
True
Let j = -34 - -30. Let m(q) = -q**3 - q**2 + 12*q - 5. Let p be m(j). Let k(a) = -2*a**3 - 3*a**2 - a + 7. Is k(p) a composite number?
True
Let k(z) = 2*z**3 + 6*z**2 + 8*z - 14. Let s be k(4). Let l = s - -137. Is l a composite number?
False
Let z be ((-9)/(-18))/(1/6). Suppose 5*k = z*u + 11698, -4*k - 2*u = -10166 + 790. Is k a composite number?
True
Let v(n) be the first derivative of n**4 - 31*n**2/2 + 38*n + 200. Is v(15) prime?
False
Suppose 626*c - 640*c + 2080190 = 0. Is c composite?
True
Suppose 0 = -6*y - 3*s + 633057, -38*s - 105499 = -y - 40*s. Is y a prime number?
False
Suppose -5*g - 12*x + 723133 = -14*x, g = -2*x + 144641. Is g a prime number?
True
Is 8*(693/12)/(-21)*132589/(-2) prime?
False
Let o = -159 - -186. Let y(x) = x**2 + 8*x. Let j be y(7). Suppose 6*s - o = j. Is s composite?
True
Let s = 2432 - -3069. Is s composite?
False
Suppose 20*a + 241582 = -320938. Let t = 43909 + a. Is t a composite number?
True
Let q(s) = 2488446*s - 563. Is q(1) a composite number?
False
Let v be (-11284)/(-16) - 1/4. Let b = v - 337. Suppose b = 2*r + 132. Is r a composite number?
True
Suppose 277*d = -20*d - 201*d + 64190706. Is d a composite number?
True
Suppose -28 = -3*u + 4*w + 2, 3*w - 30 = -3*u. Is -7*u/105 - (-196630)/6 a composite number?
False
Suppose -4*p = -2*q - 4, -2*p + 8 = -6*p + 5*q. Suppose 4*d - 13499 = p*z, -3*d + 2075 = 3*z - 8023. Is d a prime number?
True
Is 243361*(2/(-3) - (-545)/327) a composite number?
True
Let s = 28207 + -15053. Suppose 3*p - s = 2*j, j = 3*p - 2*j - 13158. Suppose 5*h = -3*y + 4394, -2*h - 3*h = -y - p. Is h a composite number?
False
Let d(v) = -v**3 - 45*v**2 - 43*v + 48. Let a be d(-44). Suppose a = -4*f, -4*w = 6*f - 7*f - 4349. Is w a prime number?
True
Let y = 9008 - -32879. Is y prime?
True
Let n be (-252)/(-117) + (-6)/39. Suppose q - v = -0*v - 3, -n*q = v + 3. Is (-2628 + -4)/q + 3 a prime number?
True
Suppose -r - 3*i = -459304, -523*r + 3*i = -520*r - 1377900. Is r composite?
False
Suppose -2*h - 49734 = -11*h. Suppose h = 41*n - 23*n. Is n a composite number?
False
Let p be -3 - 11/((-77)/43855). Let f = p - 4380. Is f a composite number?
True
Suppose -4*v = 80*g - 84*g + 616836, 2*g - 308426 = -2*v. Is g a prime number?
True
Let f(m) = 490*m**2 + 110*m + 1297. Is f(-11) a composite number?
False
Let w(y) = -y**2 - 18*y - 23. Let l = -42 + 25. Let p be w(l). Is (5257/21)/(-1 + (-8)/p) a composite number?
False
Let h(i) = 1394*i + 21. Let w be h(2). Let f = -878 + w. Is f a composite number?
False
Let c = -70038 - -220021. Is c prime?
False
Let x(a) = 132*a**2 - a - 3. Let l = -65 - -49. Let k = -12 - l. Is x(k) a prime number?
False
Let w(a) = 658*a**2 - 140*a - 2899. Is w(-21) a prime number?
True
Let d(v) = 598*v + 61. Is d(13) composite?
True
Let u = 101 - 97. Is 699/12 - 1/u composite?
True
Let l = -20 - -24. Let c(f) = -2*f**2 - 3*f + 5. Let i be c(l). Is i/26*(-1 - 345) composite?
True
Let a = 65616 + -23647. Is a composite?
False
Suppose -4*r = 5*l - 55, -l - 22 = 2*r - 45. Suppose -9005 = -r*x + 5*x. Is x prime?
True
Let s(t) = 3*t + 6. Let k be s(-4). Let z(q) = 9 + 56*q + 58*q - 116*q. Is z(k) prime?
False
Let f = -1177 - -3046. Suppose 92*j - f = 85*j. Is j prime?
False
Let o(n) = 8*n - 35. Let v be o(5). Suppose -2*j - v*p + 413 = -127, -2*j + 524 = p. Suppose -2*x - j = -990. Is x composite?
True
Let j(y) = 4*y**2 + 26*y + 113. Suppose -380 + 996 = -28*z. Is j(z) a composite number?
True
Suppose 2*i + 7*m = 9*m - 4, -3*i + 5*m - 14 = 0. Suppose 17842 = 2*r - i*z, -r - 4*r + 44625 = 5*z. Is r a prime number?
True
Suppose -19*t = -18*t + 30. Let n = -30 - t. Suppose 136 = -3*y - 4*q + 1091, 5*y - 3*q - 1611 = n. Is y a prime number?
False
Let t(k) = -k**3 - 3*k**2 + 3*k - 2. Let n be t(-4). Suppose -x - 1404 = -z - 2*x, z - n*x - 1389 = 0. Is z a composite number?
False
Let n = -105 + 2617. Let x be (-10)/(-2)*n/(-40). Is (1 - 6)/(2/x) prime?
False
Suppose -4*p - 3156 = -3*v + 69925, -v + 24356 = 3*p. Is v a composite number?
False
Let l(t) = -5*t**3 - 2*t**2 + 1. Let r = 26 - 27. Let g be l(r). Suppose 0*f - g*f = -1516. Is f composite?
False
Let h(k) = k**3 - 4*k**2 - 2*k + 880. Let n be h(0). Let c = 8994 + n. Is c a composite number?
True
Suppose 6*r - 81 = -51. Suppose r*v + 3089 = 5*i - 2096, -3*i = 3*v - 3123. Is i composite?
False
Let w(b) = -2*b - 14. Let f be w(-8). Suppose -5*p + 0*t - 33027 = 3*t, f*t + 8 = 0. I